{"id":356,"date":"2018-03-05T15:09:06","date_gmt":"2018-03-05T14:09:06","guid":{"rendered":"http:\/\/lafetedesvoisins.be\/questions\/"},"modified":"2026-02-20T15:15:10","modified_gmt":"2026-02-20T14:15:10","slug":"vragen","status":"publish","type":"page","link":"https:\/\/lafetedesvoisins.be\/nl\/vragen\/","title":{"rendered":"Vragen?"},"content":{"rendered":"","protected":false},"excerpt":{"rendered":"","protected":false},"author":2,"featured_media":0,"parent":0,"menu_order":0,"comment_status":"closed","ping_status":"closed","template":"template-faq.php","meta":{"_acf_changed":false,"footnotes":""},"class_list":["post-356","page","type-page","status-publish","hentry"],"acf":[],"yoast_head":"<!-- This site is optimized with the Yoast SEO plugin v27.5 - https:\/\/yoast.com\/product\/yoast-seo-wordpress\/ -->\n<title>Vragen? - La F\u00eate des Voisins - Dag van de Buren<\/title>\n<meta name=\"robots\" content=\"index, follow, max-snippet:-1, max-image-preview:large, max-video-preview:-1\" \/>\n<link rel=\"canonical\" href=\"https:\/\/lafetedesvoisins.be\/nl\/vragen\/\" \/>\n<meta property=\"og:locale\" content=\"nl_NL\" \/>\n<meta property=\"og:type\" content=\"article\" \/>\n<meta property=\"og:title\" content=\"Vragen? - La F\u00eate des Voisins - Dag van de Buren\" \/>\n<meta property=\"og:url\" content=\"https:\/\/lafetedesvoisins.be\/nl\/vragen\/\" \/>\n<meta property=\"og:site_name\" content=\"La F\u00eate des Voisins - Dag van de Buren\" \/>\n<meta property=\"article:modified_time\" content=\"2026-02-20T14:15:10+00:00\" \/>\n<meta name=\"twitter:card\" content=\"summary_large_image\" \/>\n<meta name=\"twitter:label1\" content=\"Geschatte leestijd\" \/>\n\t<meta name=\"twitter:data1\" content=\"3 minuten\" \/>\n<script type=\"application\/ld+json\" class=\"yoast-schema-graph\">{\"@context\":\"https:\\\/\\\/schema.org\",\"@graph\":[{\"@type\":\"WebPage\",\"@id\":\"https:\\\/\\\/lafetedesvoisins.be\\\/nl\\\/vragen\\\/\",\"url\":\"https:\\\/\\\/lafetedesvoisins.be\\\/nl\\\/vragen\\\/\",\"name\":\"Vragen? - La F\u00eate des Voisins - Dag van de Buren\",\"isPartOf\":{\"@id\":\"https:\\\/\\\/lafetedesvoisins.be\\\/#website\"},\"datePublished\":\"2018-03-05T14:09:06+00:00\",\"dateModified\":\"2026-02-20T14:15:10+00:00\",\"breadcrumb\":{\"@id\":\"https:\\\/\\\/lafetedesvoisins.be\\\/nl\\\/vragen\\\/#breadcrumb\"},\"inLanguage\":\"nl-NL\",\"potentialAction\":[{\"@type\":\"ReadAction\",\"target\":[\"https:\\\/\\\/lafetedesvoisins.be\\\/nl\\\/vragen\\\/\"]}]},{\"@type\":\"BreadcrumbList\",\"@id\":\"https:\\\/\\\/lafetedesvoisins.be\\\/nl\\\/vragen\\\/#breadcrumb\",\"itemListElement\":[{\"@type\":\"ListItem\",\"position\":1,\"name\":\"Accueil\",\"item\":\"https:\\\/\\\/lafetedesvoisins.be\\\/nl\\\/\"},{\"@type\":\"ListItem\",\"position\":2,\"name\":\"Vragen?\"}]},{\"@type\":\"WebSite\",\"@id\":\"https:\\\/\\\/lafetedesvoisins.be\\\/#website\",\"url\":\"https:\\\/\\\/lafetedesvoisins.be\\\/\",\"name\":\"La F\u00eate des Voisins - Dag van de Buren\",\"description\":\"La F\u00eate des Voisins revient le 29 mai 2026 ! Une opportunit\u00e9 pour se rencontrer et faire rayonner nos quartiers. - Dag van de Buren is terug op 31 mei 2024!, een gelegenheid om elkaar te ontmoeten en om de wijken te doen stralen.\",\"potentialAction\":[{\"@type\":\"SearchAction\",\"target\":{\"@type\":\"EntryPoint\",\"urlTemplate\":\"https:\\\/\\\/lafetedesvoisins.be\\\/?s={search_term_string}\"},\"query-input\":{\"@type\":\"PropertyValueSpecification\",\"valueRequired\":true,\"valueName\":\"search_term_string\"}}],\"inLanguage\":\"nl-NL\"}]}<\/script>\n<!-- \/ Yoast SEO plugin. -->","yoast_head_json":{"title":"Vragen? - La F\u00eate des Voisins - Dag van de Buren","robots":{"index":"index","follow":"follow","max-snippet":"max-snippet:-1","max-image-preview":"max-image-preview:large","max-video-preview":"max-video-preview:-1"},"canonical":"https:\/\/lafetedesvoisins.be\/nl\/vragen\/","og_locale":"nl_NL","og_type":"article","og_title":"Vragen? - La F\u00eate des Voisins - Dag van de Buren","og_url":"https:\/\/lafetedesvoisins.be\/nl\/vragen\/","og_site_name":"La F\u00eate des Voisins - Dag van de Buren","article_modified_time":"2026-02-20T14:15:10+00:00","twitter_card":"summary_large_image","twitter_misc":{"Geschatte leestijd":"3 minuten"},"schema":{"@context":"https:\/\/schema.org","@graph":[{"@type":"WebPage","@id":"https:\/\/lafetedesvoisins.be\/nl\/vragen\/","url":"https:\/\/lafetedesvoisins.be\/nl\/vragen\/","name":"Vragen? - La F\u00eate des Voisins - Dag van de Buren","isPartOf":{"@id":"https:\/\/lafetedesvoisins.be\/#website"},"datePublished":"2018-03-05T14:09:06+00:00","dateModified":"2026-02-20T14:15:10+00:00","breadcrumb":{"@id":"https:\/\/lafetedesvoisins.be\/nl\/vragen\/#breadcrumb"},"inLanguage":"nl-NL","potentialAction":[{"@type":"ReadAction","target":["https:\/\/lafetedesvoisins.be\/nl\/vragen\/"]}]},{"@type":"BreadcrumbList","@id":"https:\/\/lafetedesvoisins.be\/nl\/vragen\/#breadcrumb","itemListElement":[{"@type":"ListItem","position":1,"name":"Accueil","item":"https:\/\/lafetedesvoisins.be\/nl\/"},{"@type":"ListItem","position":2,"name":"Vragen?"}]},{"@type":"WebSite","@id":"https:\/\/lafetedesvoisins.be\/#website","url":"https:\/\/lafetedesvoisins.be\/","name":"La F\u00eate des Voisins - Dag van de Buren","description":"La F\u00eate des Voisins revient le 29 mai 2026 ! Une opportunit\u00e9 pour se rencontrer et faire rayonner nos quartiers. - Dag van de Buren is terug op 31 mei 2024!, een gelegenheid om elkaar te ontmoeten en om de wijken te doen stralen.","potentialAction":[{"@type":"SearchAction","target":{"@type":"EntryPoint","urlTemplate":"https:\/\/lafetedesvoisins.be\/?s={search_term_string}"},"query-input":{"@type":"PropertyValueSpecification","valueRequired":true,"valueName":"search_term_string"}}],"inLanguage":"nl-NL"}]}},"_links":{"self":[{"href":"https:\/\/lafetedesvoisins.be\/nl\/wp-json\/wp\/v2\/pages\/356","targetHints":{"allow":["GET"]}}],"collection":[{"href":"https:\/\/lafetedesvoisins.be\/nl\/wp-json\/wp\/v2\/pages"}],"about":[{"href":"https:\/\/lafetedesvoisins.be\/nl\/wp-json\/wp\/v2\/types\/page"}],"author":[{"embeddable":true,"href":"https:\/\/lafetedesvoisins.be\/nl\/wp-json\/wp\/v2\/users\/2"}],"replies":[{"embeddable":true,"href":"https:\/\/lafetedesvoisins.be\/nl\/wp-json\/wp\/v2\/comments?post=356"}],"version-history":[{"count":14,"href":"https:\/\/lafetedesvoisins.be\/nl\/wp-json\/wp\/v2\/pages\/356\/revisions"}],"predecessor-version":[{"id":3741,"href":"https:\/\/lafetedesvoisins.be\/nl\/wp-json\/wp\/v2\/pages\/356\/revisions\/3741"}],"wp:attachment":[{"href":"https:\/\/lafetedesvoisins.be\/nl\/wp-json\/wp\/v2\/media?parent=356"}],"curies":[{"name":"wp","href":"https:\/\/api.w.org\/{rel}","templated":true}]}}

<!-- This site is optimized with the Yoast SEO plugin v27.5 - https://yoast.com/product/yoast-seo-wordpress/ -->
<title>Vragen? - La Fête des Voisins - Dag van de Buren</title>
<meta name="robots" content="index, follow, max-snippet:-1, max-image-preview:large, max-video-preview:-1" />
<link rel="canonical" href="https://lafetedesvoisins.be/nl/vragen/" />
<meta property="og:locale" content="nl_NL" />
<meta property="og:type" content="article" />
<meta property="og:title" content="Vragen? - La Fête des Voisins - Dag van de Buren" />
<meta property="og:url" content="https://lafetedesvoisins.be/nl/vragen/" />
<meta property="og:site_name" content="La Fête des Voisins - Dag van de Buren" />
<meta property="article:modified_time" content="2026-02-20T14:15:10+00:00" />
<meta name="twitter:card" content="summary_large_image" />
<meta name="twitter:label1" content="Geschatte leestijd" />
	<meta name="twitter:data1" content="3 minuten" />
<script type="application/ld+json" class="yoast-schema-graph">{"@context":"https:\/\/schema.org","@graph":[{"@type":"WebPage","@id":"https:\/\/lafetedesvoisins.be\/nl\/vragen\/","url":"https:\/\/lafetedesvoisins.be\/nl\/vragen\/","name":"Vragen? - La Fête des Voisins - Dag van de Buren","isPartOf":{"@id":"https:\/\/lafetedesvoisins.be\/#website"},"datePublished":"2018-03-05T14:09:06+00:00","dateModified":"2026-02-20T14:15:10+00:00","breadcrumb":{"@id":"https:\/\/lafetedesvoisins.be\/nl\/vragen\/#breadcrumb"},"inLanguage":"nl-NL","potentialAction":[{"@type":"ReadAction","target":["https:\/\/lafetedesvoisins.be\/nl\/vragen\/"]}]},{"@type":"BreadcrumbList","@id":"https:\/\/lafetedesvoisins.be\/nl\/vragen\/#breadcrumb","itemListElement":[{"@type":"ListItem","position":1,"name":"Accueil","item":"https:\/\/lafetedesvoisins.be\/nl\/"},{"@type":"ListItem","position":2,"name":"Vragen?"}]},{"@type":"WebSite","@id":"https:\/\/lafetedesvoisins.be\/#website","url":"https:\/\/lafetedesvoisins.be\/","name":"La Fête des Voisins - Dag van de Buren","description":"La Fête des Voisins revient le 29 mai 2026 ! Une opportunité pour se rencontrer et faire rayonner nos quartiers. - Dag van de Buren is terug op 31 mei 2024!, een gelegenheid om elkaar te ontmoeten en om de wijken te doen stralen.","potentialAction":[{"@type":"SearchAction","target":{"@type":"EntryPoint","urlTemplate":"https:\/\/lafetedesvoisins.be\/?s={search_term_string}"},"query-input":{"@type":"PropertyValueSpecification","valueRequired":true,"valueName":"search_term_string"}}],"inLanguage":"nl-NL"}]}</script>
<!-- / Yoast SEO plugin. -->

Vragen? - La Fête des Voisins - Dag van de Buren

La Fête des Voisins - Dag van de Buren

La Fête des Voisins revient le 29 mai 2026 ! Une opportunité pour se rencontrer et faire rayonner nos quartiers. - Dag van de Buren is terug op 31 mei 2024!, een gelegenheid om elkaar te ontmoeten en om de wijken te doen stralen.
